y 29?
25
Let v be (-8)/(-6)*(-12)/8. Let a = v + -6. Let k(d) = -4*d + 8. What is the remainder when k(a) is divided by 14?
12
Suppose 7 = -5*x + 3*f, 5*x + 1 = -2*f + 14. Let n be ((-1 - -1) + 5)*x. Suppose n*k + 42 = 147. Calculate the remainder when k is divided by 11.
10
What is the remainder when (-21)/(-35) - 102/(-5) is divided by 3?
0
Suppose 0 = -t + 1 + 3. Suppose -1 = -2*l + 5. What is the remainder when t is divided by l?
1
Suppose t = -q - 2*q + 10, -q + 7 = 4*t. Suppose -q*p = -4*p + 43. Let r(s) = 5*s - 8. What is the remainder when p is divided by r(6)?
21
Suppose 2*v = m - 32, 0 = 5*m - 3*v + 2*v - 115. Calculate the remainder when 63 is divided by m.
19
Let n(k) = -58*k**3 - k - 1. Let d be n(-1). Let y = d - 41. Calculate the remainder when 49 is divided by y.
15
Suppose 2*m = 2 - 4. Let d be (1/m)/((-2)/(-28)). Let j = 3 - d. Calculate the remainder when 32 is divided by j.
15
Let m = -60 - -66. Suppose 5*n - 13 = 62. What is the remainder when n is divided by m?
3
Let d(u) = 2*u**3 - 5*u**2 + u + 4. Suppose 3*c = -2*i - c + 8, 4*i = -c - 19. Let t = 12 + i. Calculate the remainder when d(3) is divided by t.
4
Suppose -8*b + 2929 - 841 = 0. Calculate the remainder when b is divided by 33.
30
Suppose 0 = -4*b + 3*p - 4 + 125, p - 1 = 0. Calculate the remainder when b is divided by 10.
1
Let f = 4 + -3. Let v be f*(-1 + 0)/1. Let c(u) = -5*u**3 + u. Calculate the remainder when c(v) is divided by 2.
0
What is the remainder when 2/(-3)*(-40 + 1) is divided by 9?
8
Let z(h) = -8*h - 1. Calculate the remainder when 1267/21 + -2 + (-8)/6 is divided by z(-2).
12
Suppose 0 = y - 3*k + k, 0 = -5*y - k + 33. What is the remainder when 16 is divided by y?
4
Suppose -5*c = -3 - 2. Let n(f) = 7*f - 1. Let o be n(c). What is the remainder when 16 is divided by ((-27)/o)/(1/(-2))?
7
Let r be (5 + -3)/((-4)/(-6)). Let u(f) = 3*f**2 - 4*f. What is the remainder when 44 is divided by u(r)?
14
Let s(d) = 10*d + 12. Let f be s(-5). Let j = f - -82. Let g(n) = -4*n + 3. What is the remainder when j is divided by g(-3)?
14
Let m(j) = -j + 4. Suppose 12 = -5*s + 7*s. Calculate the remainder when s is divided by m(0).
2
Suppose 0 = -3*q + 2*q. Suppose 2 = 2*n + v - 11, q = 4*v + 20. Calculate the remainder when 15 is divided by n.
6
Let d(i) = -i**3 - i**2 - 3*i. Calculate the remainder when d(-3) is divided by 10.
7
Let z(p) = 15*p**3 - p**2 + p. Let m be z(1). Suppose q - m = -2*q, 2*u - q - 37 = 0. Calculate the remainder when u is divided by 12.
9
Let x = -23 + 27. What is the remainder when 5 is divided by x?
1
Let v = 46 - 35. What is the remainder when 39 is divided by v?
6
Let g(n) = -8*n - 46. Calculate the remainder when g(-21) is divided by 41.
40
Suppose -4*q - 6 = -54. Calculate the remainder when 94 is divided by q.
10
Let g(w) = 1 + 0*w**2 + 0 - w**2. Let n = 62 - 61. What is the remainder when g(0) is divided by n?
0
Let x = -68 + 76. Calculate the remainder when 166 is divided by x.
6
Let s(c) = -c + 11. Calculate the remainder when s(0) is divided by 46/10 - 30/50.
3
Suppose 5*f - 49 = 21. Calculate the remainder when 54 is divided by f.
12
Calculate the remainder when (-26)/((-1 + 0)/1) is divided by 14.
12
Let v(o) = -3*o + 7. Let n be v(-5). Let t = n - -9. What is the remainder when t is divided by 8?
7
Let v be 1 - (4 - (67 + -4)). Let a = 0 + 1. What is the remainder when (2/5)/(a/v) is divided by 13?
11
Let l = 20 - 16. Suppose -14 = -z - 3*g, l*z + 1 = -3*g + 30. Let r = 16 + -2. What is the remainder when r is divided by z?
4
Let w = -3 - -16. Let n(a) = -a**2 + a - 1. Let r(d) = d**3 + 4*d**2 - 7*d + 4. Let h(q) = -3*n(q) - r(q). Calculate the remainder when w is divided by h(-3).
3
Calculate the remainder when 67 is divided by (-23)/(((-1)/3)/(1/3)).
21
Calculate the remainder when 92 is divided by (-115)/(-10) - (-1)/2.
8
Calculate the remainder when 13 - (-2 - 0 - -2) is divided by 7.
6
Suppose -b + 9 = -17. What is the remainder when 76 is divided by b?
24
Suppose 2*h = 9 - 1. Suppose h*l + 2*o - 24 = 6, 0 = 4*l + o - 29. Suppose m + 16 = 5*d, 2*m + 2 + 9 = 3*d. What is the remainder when l is divided by d?
1
Suppose 0 = -3*h + y + 85, -2*y + 55 = 2*h - 3*y. What is the remainder when 59 is divided by h?
29
Calculate the remainder when 3 is divided by -3*(2 + 12/(-4)).
0
Let t be ((-4)/6)/((-2)/144). Calculate the remainder when (-246)/(-8) + 12/t is divided by 11.
9
Let h(r) = -8*r - 19. What is the remainder when h(-4) is divided by 8?
5
Suppose -180 = -7*r + 30. Let w(k) = 2*k + 5. Let i be w(-5). Let z = r + i. What is the remainder when z is divided by 9?
7
Suppose 0*n + 19 = n - 4*c, 0 = 3*n - c - 13. Suppose 80 = 3*y + n*a + 5, -3*a = 2*y - 49. Calculate the remainder when y is divided by 1/3 - (-82)/6.
12
Let l = 7 + -8. Let s = 0 - l. Suppose -3*w + 19 = -4*b, -w - s = 2*b - 7*b. Calculate the remainder when 26 is divided by w.
8
Let b be (-292)/(-3 + (3 - 1)). Suppose -2*u - 106 = -4*u - 2*m, -5*u + 4*m = -b. Let r = 82 - u. What is the remainder when r is divided by 9?
8
Suppose 3*o + 49 = 4*u, 0*o - 2*o = -5*u + 56. What is the remainder when 19 is divided by u?
9
Suppose -r + 2 + 5 = 0. Suppose d + 5 - r = 0. Calculate the remainder when 4 is divided by d.
0
Let o be (-12)/(12/(-16)*2). Suppose -5*l = -27 - o. What is the remainder when 20 is divided by l?
6
Suppose -4*v + 3*v = -5*u + 8, -2*u = -2*v. Suppose -v*a + 18 = a. Calculate the remainder when 9 is divided by a.
3
Suppose -16 - 2 = -2*q. What is the remainder when 62 is divided by q?
8
Suppose 3*t - 10 = 32. Suppose -3*q = -2*q, -x = 2*q - 26. Calculate the remainder when x is divided by t.
12
Let n be 2 + -2 + -2 + 29. Calculate the remainder when 16 is divided by (-2 + 12)*n/45.
4
Suppose 4*v = 2*a - 7*a + 21, 0 = 3*v + 4*a - 15. What is the remainder when v is divided by 4?
1
What is the remainder when 11 is divided by ((-21)/(-12) + -2)*-12?
2
Calculate the remainder when 88 is divided by (-15)/6*26/(-5).
10
Let z(v) = -v**3 - v**2 + 7*v + 7. What is the remainder when 101 is divided by z(-4)?
20
Let d = -56 + 97. Suppose -d = -2*q + 65. Let l = -34 + q. What is the remainder when l is divided by 10?
9
Let b = -15 + 28. Suppose 0 = -5*q + 5*y + 58 + 147, 29 = q + 3*y. What is the remainder when q is divided by b?
12
Let u = 41 + -20. What is the remainder when 62 is divided by u?
20
Let t(v) = v**2 - 5*v - 10. Let f be t(8). Calculate the remainder when (-2)/(f/(-10) - -1) is divided by (-1 + 0)/(-1) - -1.
1
Let v(w) = w**3 - w**2 + w - 4. Let b be v(0). What is the remainder when -2 + b/(4/(-11)) is divided by 3/2*60/18?
4
Suppose 5 + 5 = -4*q + 2*x, -5*x - 27 = 3*q. Let b = q + 12. Suppose 2*s = -b, 3*s - 40 = -4*z - 0*z. What is the remainder when z is divided by 7?
6
Let k(t) = t - 6. Let q be k(6). Suppose 0 = -q*b - 2*b + 34. What is the remainder when b is divided by 15/2*(-4)/(-5)?
5
Let x = 43 - 36. Calculate the remainder when x is divided by 5.
2
Let t be 0 - 2 - (6 - -19). Let y(a) = 5*a + 10. Let r be y(8). Let c = t + r. Calculate the remainder when 67 is divided by c.
21
Let v = 14 + -2. Suppose r = -r + v. What is the remainder when 11 is divided by r?
5
Let g(x) = -3*x**3 - 3*x**2 - 5*x - 4. What is the remainder when 30 is divided by g(-2)?
12
Let s = 4 + -1. Suppose 3*k + 12 = 0, -3*k - 26 = -s*b - k. What is the remainder when 16 is divided by b?
4
Let i(h) = -28*h - 47. Calculate the remainder when i(-10) is divided by 13.
12
Suppose -x - 36 = -6*x + 3*s, -3*s + 27 = 2*x. What is the remainder when (-7 + 1)/(6/(-24)) is divided by x?
6
Let c(g) = 4*g - 4. Let i be c(3). Suppose -a + 0*a - f = 0, -4*f - i = 0. What is the remainder when 5 - (3 - 1)*1 is divided by a?
1
Suppose -2*s + 6*s - 24 = 0. Let q = 8 + s. What is the remainder when 26 is divided by q?
12
Let m(x) = x**2 - 2*x - 5. Let s be m(4). Suppose -24 = -s*t - 0*t. What is the remainder when 23 is divided by t?
7
Let y be (0 + -3)*(-8)/3. Let g be -1 - (2 + (-348)/4). Calculate the remainder when 41 is divided by (g/y)/((-3)/(-4)).
13
Suppose -77*i = -73*i - 412. What is the remainder when i is divided by 21?
19
Calculate the remainder when 0/2 - (-31 - (-4 + 0)) is divided by 13.
1
Suppose -7*z = -177 - 166. What is the remainder when z is divided by 1